(5).
-9
Let y(u) = 3*u**2 - 2*u**2 - 5*u**3 - 4*u**3. Let n = -76 - -77. What is y(n)?
-8
Let n(j) = -j + 13. Let f(q) = 1. Let h(a) = a**2 - 10. Let s(r) = -4*f(r) - h(r). Let x be s(0). Calculate n(x).
7
Let w(k) = -3*k**3 + 5*k**2 + 3*k + 4. Let c(i) = -2*i**3 + 3*i**2 + 2*i + 2. Let g(o) = -5*c(o) + 3*w(o). Calculate g(0).
2
Let w be ((-1)/(-2))/((-5)/10). Let v(f) = -12*f. Let q(a) = -3*a. Let d(y) = -9*q(y) + 2*v(y). Determine d(w).
-3
Let r = -6 + 9. Let b(u) = -4*u**2 + u**r - 3*u + 0 + 3*u + 2. Determine b(4).
2
Let b(z) = -106*z**2 - 29 + 106*z**2 + z + z**3. Determine b(0).
-29
Let u = 2 - -1. Let s(l) = l + u - 5*l + 3*l. What is s(5)?
-2
Let y(k) = -5*k**2 - 8*k**2 - 2*k + k**3 - 2 + 10*k**2. What is y(4)?
6
Let x(n) = n**3 + 5*n**2 + 2*n - 7. Let p(w) = -2*w**3 - 10*w**2 - 4*w + 15. Let q be 6/30 - 198/15. Let a(t) = q*x(t) - 6*p(t). What is a(-5)?
11
Let m(i) = 9 - 2*i - 4 - 3 + 3. Suppose 6*n = 3*n + 18. Calculate m(n).
-7
Let r(q) = q**3 + 5*q**2 - 4*q + 7. Let k = -11 - -5. Determine r(k).
-5
Let k = 13 + -10. Suppose k*p - p = -6. Let g(r) = -6*r + 3. Let d(l) = l - 1. Let h(i) = -4*d(i) - g(i). What is h(p)?
-5
Let o(i) = i**3 - 6*i**2 + 7*i - 4. Let y(b) = b**3 + 3*b**2 - b - 2. Let s be y(-3). Let z be 16*-1 - (1 - s). Let h be (-2)/8 + (-68)/z. Give o(h).
-8
Let o(l) be the third derivative of l**9/60480 + l**8/10080 + l**7/1680 + l**6/720 + l**5/60 - 5*l**2. Let x(a) be the third derivative of o(a). What is x(-2)?
-5
Let h(x) = x**2 + 3 + 2 + 6*x - 1. Suppose -g = 4*r - 9, -3*g + r = g + 15. What is h(g)?
-5
Let b(x) = x**3 + 10*x**2 + 9*x + 2. Let a be b(-9). Suppose -i + 4*f - 14 = -4*i, -5*f = -4*i - a. Let c = 3 - i. Let u(n) = 7*n**2 + n. What is u(c)?
8
Let y = -14 + 23. Suppose y = -f - 2*f. Let g(n) = -n**3 - 3*n**2 - 2. Give g(f).
-2
Let t(h) = -2*h + 1. Suppose 16*z - 11*z - 5 = 0. Calculate t(z).
-1
Suppose 4*v = 2*l - v - 70, -30 = -2*l - 5*v. Suppose -i - 8*x = -3*x + l, -4*i - 16 = -x. Let k(o) = -o**3 - 4*o**2 + 6*o + 5. Determine k(i).
0
Let z(v) be the first derivative of v - 1 - 1/3*v**3 + 0*v**2. What is z(-2)?
-3
Let g(d) = 3*d**2 + 2*d - 7. Let a(v) = -v**2 - v - 1. Suppose -3*r = -5*m - 2, 2*r = -3*r + 20. Let k(z) = m*a(z) + g(z). Give k(0).
-9
Let r(d) = -3*d**2 - 2*d**2 + 6*d**2 - 1 - 2*d + d**3 + 2*d**2. Calculate r(-2).
7
Let t(o) = -o**2 - 18*o + 20. Let x be t(-19). Suppose 0*k = -5*k + 10, -4*a = -4*k + 8. Let d(f) = 0 + a - 7*f. Determine d(x).
-7
Let f(k) be the third derivative of -k**2 + 0*k + 1/12*k**4 - 1/12*k**5 + 1/120*k**6 + 0 + 0*k**3. Let r = -3 + 7. What is f(r)?
-8
Let b = 7 - 5. Suppose 5*f = 4*v - 16, -v + b = -4*f - 2. Let z(a) = -a + 5. Let d(i) = i - 6. Let j(c) = 4*d(c) + 5*z(c). Calculate j(f).
1
Suppose 4 = 6*n - 8*n. Let g(p) = 2*p + 3. What is g(n)?
-1
Let j = 32 + -25. Let g(c) = -3*c. What is g(j)?
-21
Let u(y) = -2*y**3 + y**2 - y - 3. Let l be u(-1). Let d(i) = 7*i. What is d(l)?
7
Let m be ((-6)/(-5))/(6/20). Let f(x) = 2*x**2 - 5*x - 3. Calculate f(m).
9
Suppose -4*w - 6 = -30. Let s(y) = -y**2 + 4*y + 6. Give s(w).
-6
Let d(m) = -m - 1. Let q(i) = -i - 9. Let c(w) = -2*w - 17. Let o(z) = -4*c(z) + 9*q(z). Let b be o(-13). Give d(b).
-1
Let x(o) be the first derivative of o**5/60 - o**4/3 + 2*o**3/3 + 2*o**2 + 4. Let w(m) be the second derivative of x(m). What is w(7)?
-3
Let a(l) = l - 4. Suppose 5*r - 17 = 3. Give a(r).
0
Let j(u) = u**2 - 6*u - 1. Let h(g) = 2*g**2 - 13*g - 3. Let k(r) = -2*h(r) + 5*j(r). Determine k(6).
13
Suppose -5*t - 2*m + 20 = 0, -m = -2*t - 3*m + 14. Let a be t - (2 - -2) - -2. Let v = a - 1. Let o(p) = -5*p**3 + p**2. Give o(v).
6
Let c(v) = -3*v**3 - 11*v**2 - 4*v + 1. Let g(r) = 2*r**3 + 6*r**2 + 2*r. Let b(l) = 3*c(l) + 5*g(l). Suppose -3*s + 2 + 7 = 0. Give b(s).
-3
Let a = 108 - 115. Let y(z) = -2*z - 8. Calculate y(a).
6
Let n(s) = -s**2 + 1. Let f(p) = -p**2 + 7*p + 2. Suppose -8*v + 28 = -4*v. Let a be f(v). Calculate n(a).
-3
Suppose 0 = 3*v + 9 - 0. Let k be 0/(-1) - 3/v. Let y be 1 + (1 - k - 2). Let f(p) = 7*p**3 - p. Determine f(y).
-6
Let u(k) = 0 + 3*k - 2 + 3. Let w = -31 + 52. Let c be w/(-6) - (-1)/(-2). What is u(c)?
-11
Suppose h + 3*a + a - 15 = 0, -2*h + 5*a - 22 = 0. Let d(x) = -2*x**2 + 2*x**3 + 0*x**2 + x**2 - x. Calculate d(h).
-2
Let y be 1 + 0 + 6/1. Let h be (-2)/y - (-80)/35. Suppose u + j + 4 = 0, -4*u + h*j = 2 - 16. Let m(z) = -4*z**2. Calculate m(u).
-4
Let w(d) = d**2 - 3*d. Let r(j) = -j**2 + 10*j + 3. Let t be r(10). Determine w(t).
0
Let b(q) = 6*q**3 - q**2 - 2*q - 9. Let y(z) = 9*z**3 - z**2 - 3*z - 13. Let k(g) = 7*b(g) - 5*y(g). Calculate k(-2).
16
Let p(c) = -c. Let x(g) = g**3 - 13*g**2 - 14*g + 6. Let r be x(14). Suppose -r = 2*m - 14. Calculate p(m).
-4
Let k(d) = -d**2 - 6*d. Let z be k(-5). Let g = 8 - z. Let c(v) = 2*v**2 + v**3 + 5*v**3 + 0*v**g - 2 - 2*v - 5*v**3. Determine c(-2).
2
Let k(a) = -3*a**3 + 9*a**3 + 2 - a - 3 + a**2 - a**3. Suppose q + 0*q + 1 = 0. What is k(q)?
-4
Let j(k) = -2*k**3 + 19*k**2 - k + 9. Let h(q) = q**3 - 9*q**2 + q - 4. Let c(g) = -9*h(g) - 4*j(g). Let s = 30 - 19. Suppose 0 = -5*f + 9 + s. Determine c(f).
-4
Let y = 35 + -26. Let v(f) = -f + 15. Calculate v(y).
6
Let a(k) = -k**3 + 4*k**2 - 4*k + 2. Let v be 5/(-2)*96/(-80). Give a(v).
-1
Let h(q) be the second derivative of q**4/6 - q**2/2 + q. Suppose -2*w - 72 = -6*w. Let c = w + -16. Calculate h(c).
7
Let p(f) = f**3 + 3*f**2 + 5. Suppose 4*r - i = -2*i - 20, -r = 2*i + 12. Determine p(r).
-11
Let n(l) = -l**2 - 7*l - 6. Let a = -15 - -10. What is n(a)?
4
Let t(m) = m**3 + 4*m**2 - 5*m + 1. Let a(b) = 0*b**3 + 3*b - b**3 + 3 + 4*b + 2 - 4*b**2. Let q be a(-5). Give t(q).
1
Let b(i) be the first derivative of -i**2/2 + i - 6. Calculate b(0).
1
Let z(q) = 4*q + q**2 + 0 + 0*q**2 - 2. Suppose 2*i - i - 30 = -3*j, 4*i + 23 = j. Let f = 6 - j. Determine z(f).
3
Let s(t) = -2*t**3 + 27*t**2 - 10*t - 29. Let d(q) = -q**3 + 13*q**2 - 5*q - 14. Let x(n) = 13*d(n) - 6*s(n). What is x(6)?
-2
Let b(i) = 3*i - 8. Let k(s) = 5*s - 12. Let c(j) = 8*b(j) - 5*k(j). Let m(r) = 2*r + 4. Let a be m(-3). Calculate c(a).
-2
Let a(y) = -5*y**2 - y. Let z(o) = 4*o**2 + 2*o. Let w(k) = -3*a(k) - 4*z(k). Determine w(-5).
0
Let q = 33 + -18. Suppose -v + f - 2 = -9, 5*f - q = -5*v. Let g(d) = -5*d**3 + 0*d - d - 4 + 6*d**3 + 6 - 5*d**2. What is g(v)?
-3
Let x(c) = -2*c**2 - 4*c + 5. Let n(s) = s**2 + s - 4. Let r be n(0). Calculate x(r).
-11
Let j(c) be the first derivative of -c**2/2 + 9. Determine j(6).
-6
Suppose -5*h = -16 - 4. Let k(d) = -5*d. Let m(q) be the second derivative of 5*q**3/6 - 16*q. Let o(b) = h*k(b) + 3*m(b). What is o(-1)?
5
Let w(b) be the second derivative of -b**4/6 - 3*b**2/2 - 2*b. Let r(p) be the first derivative of w(p). Determine r(1).
-4
Let x(q) be the third derivative of -q**5/60 - q**4/8 + q**3/3 - 4*q**2. What is x(-4)?
-2
Let i be (0 + -4)/(1*-1). Let q(m) = m. Let x be q(i). Let p(s) = -s**2 + 6*s - 3. What is p(x)?
5
Let i be ((-33)/22)/(6/(-8)). Let d(k) = -3*k**2 - 5*k + k**2 + i - 4. Calculate d(-3).
-5
Let s(w) = 6*w - 5. Let m(z) = -5*z + 5. Let r(p) = 5*m(p) + 4*s(p). What is r(10)?
-5
Let l be 5/2*16/20. Let q(g) = -g**2. Let w(s) = s**2 + 3*s - 3. Let f(h) = l*q(h) + w(h). Give f(2).
-1
Let u(t) = -2*t + 7. Let r(x) = 4*x - 15. Suppose 3 = k - 4. Let c(a) = k*u(a) + 3*r(a). Let s(h) = -h**2 + 6*h - 5. Let q be s(4). What is c(q)?
-2
Let b = 0 + 4. Let l(j) = b - 2*j + 0 + 3 - 1. Calculate l(4).
-2
Let i(r) be the third derivative of r**6/120 + r**5/12 + r**4/12 + 6*r**2. Let x be -4*(-2)/(-16)*6. Calculate i(x).
12
Let n(g) be the first derivative of -g**3/3 - 3*g**2 - g + 1. Suppose 2*y + p + 16 = 0, -2*y + 5*y - p + 14 = 0. Determine n(y).
-1
Let z be 2/4*(-4 - -2). Let d(b) be the first derivative of -b**5/40 - b**4/24 - b**3/3 + 2. Let k(y) be the third derivative of d(y). Give k(z).
2
Let l(q) = -q**3 - 5*q**2 - 2*q + 2. Let m = 0 - -7. Let a = -11 + m. Calculate l(a).
-6
Let s(n) be the second derivative of n**3/2 - 4*n**2 - 48*n. Give s(4).
4
Suppose -b = -5*u - 120, -5*u + 6*b = 2*b + 135. Let z = u - -17. Let j(f) = -f. Calculate j(z).
6
Let w(n) = 2*n - 2. Let z(x) = -x - 1. Let f(k) = -w(k) - 4*z(k). Determine f(5).
16
Let v(a) = -2*a + 8. Let l(n) = n**2 + 2*n + 6. L